+ 7*k**2 + 2. Let a be s(-7). Suppose -a*l = -4*l + i. Does 10 divide l?
False
Let u = -198 - -84. Is (0 - u)*(-6)/(-12) a multiple of 19?
True
Let p be (5/(-15))/((-1)/(-6)). Is p/(-6) + 760/24 a multiple of 10?
False
Suppose 5*f - 3*m + 1 - 244 = 0, 4*f + 3*m = 189. Is 11 a factor of f?
False
Let p(f) = f**3 - 8*f**2 + 7*f + 8. Let b be 28/10*(7 + -2). Let g be (b/(-3))/((-2)/3). Does 7 divide p(g)?
False
Let w = -7 + 10. Suppose 0 = -w*g + 15. Let f(r) = -r**3 + 8*r**2 - 8*r + 6. Is f(g) a multiple of 18?
False
Suppose -2*l + 58 = -0*l. Is 9 a factor of l?
False
Let s = -56 - -96. Suppose 7*u = 2*u + s. Does 8 divide u?
True
Does 12 divide -4 - -2 - (-201)/3?
False
Let o(i) = -16*i**3 + i**2 + i + 1. Is 17 a factor of o(-1)?
True
Suppose 226 - 94 = 2*q. Is 11 a factor of q?
True
Let n = -168 - -109. Suppose 116 = -5*v + 4*q - 104, 0 = 4*v + 5*q + 135. Let f = v - n. Is 12 a factor of f?
False
Let f be (-28)/(-70) - (-182)/(-5). Let n = f + 50. Is n a multiple of 9?
False
Let b(n) = 2*n**2 + 3*n + 7. Let d be b(-8). Suppose 4*t = t + d. Suppose a - 13 = -j - 2*j, -a + 3*j + t = 0. Does 9 divide a?
False
Suppose n = 1 + 1. Suppose 180 = n*b + 3*b. Suppose 0 = 3*s + z - 93, 2*z - b = s - 2*s. Is s a multiple of 10?
True
Let j(k) be the first derivative of 2*k**3/3 + k**2/2 + 6*k + 5. Does 20 divide j(-3)?
False
Suppose -8*l + 3*l + 140 = 0. Is 14 a factor of l?
True
Let y be 1 + 0 + (-4)/4. Let b(t) = -t + 4. Is 4 a factor of b(y)?
True
Let p = 4 - 2. Suppose 4*x = p*a - 33 + 241, a = -2*x + 104. Does 19 divide x?
False
Let u(n) = -n**2 + 7*n + 18. Is 2 a factor of u(8)?
True
Let m(z) be the first derivative of z**4/12 - z**3/2 + 2*z + 1. Let g(n) be the first derivative of m(n). Is 13 a factor of g(-4)?
False
Suppose -k - 1 = -5*t + 11, -4*k = t + 6. Suppose 45 = 5*x + 4*g + 14, 2*g - 12 = -t*x. Is 2 a factor of x?
False
Let o(p) = p**3 + 8*p**2 + p + 5. Let l be o(-6). Suppose 0 = 3*w + 3*v - 87, 4*w - 27 = 5*v + l. Is w a multiple of 9?
True
Let h(q) = q + 7. Let r be h(-8). Does 3 divide ((-1)/(-2) + r)*-8?
False
Suppose -5*a = -5*k + 35, -3*k = -6*k + 5*a + 27. Let l(o) = o**2 - 2*o + 6. Is 9 a factor of l(k)?
False
Let l = 15 - 3. Is 12 a factor of l?
True
Let c(t) = 5*t + 2. Suppose -j - 2*j = -6. Let g be c(j). Suppose -2*u + 2*l = -g, 4*l + 27 = 5*u - 0*l. Does 3 divide u?
True
Let s = 24 + -14. Suppose 5*x - i - 8 = 0, -3*x - 3*i = -i - s. Suppose -3 - 3 = -x*j. Is j a multiple of 2?
False
Let b(s) = -s + 38. Is 3 a factor of b(9)?
False
Let q(v) = 13*v - 1. Suppose 6 = 4*m - 2. Suppose 0*o = m*o - 2. Is q(o) a multiple of 9?
False
Let f = -39 - -73. Is 7 a factor of f?
False
Let n = 35 + 19. Is 18 a factor of n?
True
Let d = -98 - -114. Is 16 a factor of d?
True
Suppose 149 - 54 = d. Is 22 a factor of d?
False
Let o(k) = -67*k - 2. Let j(l) = -134*l - 3. Let y(n) = 3*j(n) - 5*o(n). Does 17 divide y(-1)?
True
Let l be (8/3)/((-2)/(-15)). Does 7 divide 1 + -2 + 0 + l?
False
Let w(m) = -m**3 - 7*m**2 + 7*m + 3. Is w(-8) a multiple of 11?
True
Suppose u + f = -f + 2, 4*u + f = 8. Suppose -32 = -u*p - 0*p. Is 5 a factor of (-4 - -1)/((-6)/p)?
False
Suppose -3*o = -44 - 40. Suppose 7*k - 3*k - o = 0. Is k a multiple of 7?
True
Suppose -6 = -d + 4*d. Let f(t) be the second derivative of -7*t**3/6 + t**2/2 + 28*t. Does 15 divide f(d)?
True
Suppose -4*k + 580 = 4*w, -2*k + 270 = -8*w + 5*w. Is 7 a factor of k?
False
Let y(w) = w**2 + 14*w + 9. Is y(-15) a multiple of 12?
True
Let g(k) = 17*k**2 + 9*k + 1. Is g(3) a multiple of 13?
False
Suppose 5*b = -5*y + 2*y + 231, b - y - 43 = 0. Is 11 a factor of b?
False
Suppose -3*b + 5 = -13. Suppose 6 = l - b. Is 12 a factor of l?
True
Let p be (-1)/(-6) - (-284)/24. Let d = p - 5. Is d a multiple of 7?
True
Suppose 4*a = 7*a - 63. Is 9 a factor of a?
False
Suppose 2 = -4*m - 10, 0 = 2*l - 2*m - 160. Is l a multiple of 27?
False
Suppose 6*h = 143 + 139. Does 12 divide h?
False
Let t(x) be the first derivative of x**2/2 + 45*x - 5. Does 9 divide t(0)?
True
Suppose p + 4 = 23. Suppose -p = 3*n - 115. Is 16 a factor of n?
True
Suppose -t = 3*t - 28. Let k = 18 - t. Is 4 a factor of k?
False
Let g(o) be the first derivative of -9*o**2/2 - 9*o - 5. Is g(-6) a multiple of 9?
True
Let f(d) = 15*d**2 + d + 2. Let w = 6 + -8. Is 17 a factor of f(w)?
False
Let m(x) = -11 + 45*x**3 + 2*x - 2*x**3 - 11 + 21. Is 11 a factor of m(1)?
True
Suppose 5*n - 4*n = o + 6, -3*o = 4*n - 45. Let x = n - -5. Does 13 divide x?
False
Let b = 0 - 0. Let j = 4 - b. Suppose 0 = -2*g + j*g - 68. Is g a multiple of 17?
True
Suppose -g = g. Suppose 5*m - 8*m + 111 = g. Is 19 a factor of m?
False
Does 15 divide (3/9)/((1 + -2)/(-285))?
False
Suppose -5*a + 22 = -143. Is a a multiple of 2?
False
Let d(s) be the second derivative of 23*s**6/120 + s**5/60 - s**3/6 - 2*s**2 + 4*s. Let v(f) be the first derivative of d(f). Is v(1) a multiple of 11?
False
Let w(o) = o**3 + 3*o**2 - 2*o + 7. Let y be w(-5). Let x = -11 - y. Does 13 divide x?
False
Suppose 5*n - 62 - 78 = -4*v, -n - 2*v + 28 = 0. Does 4 divide n?
True
Suppose -2*s - 12 = 2*s. Let i = s + 3. Let a(r) = r**3 + r**2 + 8. Is 3 a factor of a(i)?
False
Does 11 divide 9/(-18) - (-398)/4?
True
Suppose -5*q = -0*q - 595. Let l = q + -62. Is l a multiple of 15?
False
Let h(y) = y**3 + 8*y**2 + 8*y - 13. Is 4 a factor of h(-6)?
False
Suppose p - 2*m = 4*p - 129, -215 = -5*p + m. Suppose 2*y - 155 = -3*q, -y + q = 4*y - 396. Let n = y - p. Is n a multiple of 12?
True
Let v be (80/25)/((-2)/(-5)). Suppose -4*y - v = 0, -4*y - 1 = -p - 5*y. Suppose 5*x = 5*o + 45, -4 = -p*o - 1. Is 4 a factor of x?
False
Let f(p) = p**3 - p**2 - 3*p - 4. Suppose -3*j = 4*y - j - 18, -y - 2*j + 6 = 0. Is 16 a factor of f(y)?
True
Suppose 59 = 2*h - 9. Is h a multiple of 8?
False
Let y(i) = -i + 43. Let h be y(27). Let s be (-210)/(-4) + 1/(-2). Suppose 5*j = -3*d + s, -h - 2 = -2*d + 5*j. Is d a multiple of 9?
False
Let p be (-1 + -1 + 1)*-2. Suppose p*s - 3*s = 0. Suppose -3*h + 121 = 5*a, a + 5*h - 11 = -s*h. Does 9 divide a?
False
Let b = 124 - 72. Is b a multiple of 45?
False
Suppose -960 - 306 = -6*d. Does 10 divide d?
False
Suppose 5*n + 26 = 4*y - 319, -5*y - n + 453 = 0. Is y a multiple of 15?
True
Let u(m) = 9*m - 7. Does 4 divide u(4)?
False
Let s(n) = -2*n + 45. Let y be s(0). Is y/3 - -3 - -3 a multiple of 16?
False
Suppose -j + 0 = -3. Suppose 0 = -2*t + 2, -5*w + 3*t + j + 9 = 0. Does 3 divide w?
True
Suppose 9 + 19 = f. Suppose -m + f = -0*m. Is m a multiple of 8?
False
Suppose -9 = -3*x + 33. Is x a multiple of 7?
True
Does 22 divide 3*-4*-1*(-33)/(-2)?
True
Suppose -3*o = -0*o - a - 226, 25 = 5*a. Is 11 a factor of o?
True
Let f(d) = d**3 + d**2 + 8*d + 129. Is 34 a factor of f(0)?
False
Let i(l) = 1. Let j(v) = -2*v**2 + 4*v - 3. Let u(g) = 2*i(g) + 2*j(g). Let x(p) = 5*p**2 - 8*p + 5. Let n(d) = -6*u(d) - 5*x(d). Is 4 a factor of n(-6)?
False
Let z(m) = -m**3 + 2*m**2 + 6*m. Let d be z(5). Let v be d/(-2) - 4/8. Suppose 3*u - x - 2*x - 30 = 0, 0 = 4*u + 5*x - v. Is 8 a factor of u?
True
Let u = 58 - 24. Does 17 divide u?
True
Let f = -13 + 8. Let q = f + 8. Suppose -26 = -q*y + 1. Is y a multiple of 7?
False
Let t = 0 - 4. Let i be 2 + t + 1*22. Let n = 35 - i. Is n a multiple of 6?
False
Let m(y) = 2*y + 48. Is 14 a factor of m(0)?
False
Let m = 9 + -2. Let d be m/2 + (-5)/10. Suppose -d = 2*b - 15. Is b even?
True
Suppose 0 = 5*k + 138 + 302. Let v be ((-4)/(-5))/(4/10). Is k/(-9) - v/(-9) a multiple of 10?
True
Suppose -4*r + 34 + 76 = 3*p, 4*r - 50 = -p. Is 20 a factor of (-1*p)/((-2)/4)?
True
Let r(k) = k**2 - 8*k + 2. Let i be r(9). Let q = -3 + i. Does 4 divide q?
True
Let a = -39 + 89. Does 16 divide a?
False
Let l be 1/4 - 429/(-12). Let y be (1 + 3/(-6))*l. Let m = 26 - y. Is 8 a factor of m?
True
Suppose 94 = 4*w - 2. Is w a multiple of 6?
True
Suppose 2*b - 36 = -2*b. Let p(j) = j. Let y(v) = 3*v + 4. Let s(m) = -2*p(m) + y(m). Is 13 a factor of s(b)?
True
Is (-71)/(-3) - 7/(-21) a multiple of 6?
True
Let h be -5*(-8 - -4 - -3). Suppose z + 0*z = -h*a + 25, 0 = -5*z - a + 197. Is z a multiple of 22?
False
Suppose -3*t + t + 21 = -5*m, 0 = 4*t + 5*m - 57. Is 13 a factor of t?
True
Let q(p) = -p**3 - 7*p**2 - 6*p + 5. Let w(j) = -5*j - 1. Let f be w(1). Is 2 a factor of q